est common divisor of 298 and 1411477?
149
What is the greatest common divisor of 107 and 119519?
107
Calculate the greatest common divisor of 16 and 2528752.
16
What is the greatest common divisor of 634 and 34553?
317
Calculate the highest common factor of 43085 and 7.
7
Calculate the greatest common factor of 48 and 54888.
24
What is the highest common factor of 1160 and 1687220?
580
What is the highest common factor of 891265 and 1191?
397
Calculate the greatest common divisor of 132 and 1593636.
132
Calculate the highest common factor of 28973 and 28.
7
What is the greatest common divisor of 330510 and 690?
690
Calculate the greatest common factor of 20774 and 1326.
442
What is the greatest common factor of 927 and 29149?
103
What is the greatest common divisor of 832 and 910?
26
Calculate the highest common divisor of 132060 and 35500.
1420
Calculate the greatest common divisor of 56260 and 640.
20
Calculate the highest common factor of 790 and 1009462.
158
Calculate the highest common factor of 1216 and 570.
38
What is the highest common factor of 47694 and 78?
6
What is the greatest common factor of 4 and 16422?
2
Calculate the highest common factor of 40 and 35590.
10
Calculate the highest common divisor of 5619 and 3.
3
Calculate the highest common divisor of 429 and 226434.
39
Calculate the highest common factor of 10443 and 12449.
59
Calculate the highest common factor of 481 and 10231.
13
What is the highest common factor of 23884 and 1344?
28
What is the highest common factor of 367317 and 9?
9
Calculate the highest common divisor of 119135 and 5.
5
What is the highest common factor of 30 and 2170?
10
What is the greatest common divisor of 7441 and 14?
7
Calculate the highest common factor of 665 and 18145.
95
Calculate the greatest common factor of 2645 and 73830.
115
What is the highest common factor of 1911 and 78624?
273
What is the greatest common divisor of 1685 and 3415?
5
What is the highest common factor of 15 and 590?
5
What is the highest common factor of 7658 and 546?
14
Calculate the greatest common divisor of 7266 and 126.
42
Calculate the highest common factor of 18176 and 38144.
256
Calculate the greatest common divisor of 1704 and 81366.
426
What is the highest common factor of 22472 and 1431?
53
Calculate the highest common factor of 667 and 3509.
29
What is the greatest common factor of 13431 and 3108?
111
Calculate the greatest common divisor of 6138 and 414744.
66
What is the highest common factor of 122934 and 231?
21
Calculate the greatest common divisor of 508 and 817118.
254
Calculate the greatest common factor of 97408 and 123282.
1522
What is the highest common factor of 84 and 13979?
7
Calculate the greatest common divisor of 2943 and 316863.
981
Calculate the highest common factor of 1343 and 1659.
79
What is the greatest common divisor of 5380 and 2960?
20
Calculate the highest common divisor of 699 and 73162.
233
Calculate the greatest common divisor of 888 and 1960.
8
Calculate the highest common divisor of 949 and 54080.
13
What is the highest common factor of 37200 and 4185?
465
Calculate the highest common factor of 19 and 315989.
19
What is the greatest common divisor of 741 and 27651?
39
Calculate the highest common factor of 1843688 and 14.
14
What is the greatest common factor of 1121 and 6717032?
1121
Calculate the greatest common factor of 266475 and 275.
275
Calculate the greatest common factor of 774 and 107328.
258
What is the highest common divisor of 11 and 35409?
11
Calculate the greatest common divisor of 610 and 4514.
122
What is the greatest common divisor of 24660 and 630?
90
Calculate the highest common divisor of 94763 and 193.
193
Calculate the greatest common divisor of 183918 and 4983.
453
Calculate the highest common factor of 1116 and 83142.
558
What is the highest common divisor of 244 and 188551?
61
What is the greatest common factor of 612 and 277100?
68
What is the highest common factor of 5671904 and 448?
224
What is the highest common divisor of 213 and 699?
3
What is the greatest common factor of 114 and 796803?
57
What is the greatest common factor of 2655 and 1815?
15
What is the greatest common factor of 1976 and 176111?
247
Calculate the highest common factor of 216 and 30120.
24
What is the greatest common divisor of 1195 and 1069525?
1195
What is the greatest common divisor of 9610 and 1395?
155
What is the highest common factor of 1617 and 26901?
147
Calculate the highest common factor of 202494 and 12.
6
What is the highest common factor of 715394 and 204?
34
What is the highest common divisor of 11800 and 280?
40
Calculate the greatest common factor of 1311 and 627.
57
What is the highest common divisor of 86528 and 384?
128
What is the highest common factor of 1758825 and 300?
75
Calculate the highest common divisor of 109 and 83821.
109
What is the greatest common divisor of 154 and 361196?
22
Calculate the greatest common factor of 76 and 324.
4
What is the highest common divisor of 10477818 and 18?
18
Calculate the highest common divisor of 245049 and 111689.
1667
Calculate the greatest common divisor of 9875 and 14375.
125
What is the highest common divisor of 2898518 and 98?
14
Calculate the highest common factor of 267684 and 12.
12
Calculate the greatest common divisor of 21111 and 1488.
93
Calculate the greatest common factor of 2712168 and 216.
72
What is the greatest common divisor of 81 and 15030?
9
What is the highest common factor of 264498 and 546?
78
Calculate the highest common divisor of 11040 and 3450.
690
What is the greatest common factor of 252 and 13404?
12
Calculate the highest common factor of 729 and 29727.
81
Calculate the highest common factor of 13188 and 504.
84
What is the greatest common divisor of 20835 and 40?
5
What is the greatest common factor of 7031 and 124511?
89
Calculate the highest common factor of 64 and 691000.
8
Calculate the highest common divisor of 2450 and 12570.
10
What is the greatest common factor of 43254 and 1068?
534
Calculate the greatest common divisor of 415173 and 759.
759
Calculate the highest common divisor of 172254 and 114.
114
What is the greatest common divisor of 3378 and 1228466?
1126
Calculate the highest common divisor of 1 and 8770.
1
Calculate the highest common divisor of 174 and 65946.
174
Calculate the greatest common divisor of 236 and 34692.
236
Calculate the greatest common factor of 42207 and 2706.
33
Calculate the highest common factor of 166942 and 2.
2
Calculate the highest common factor of 303 and 71609.
101
Calculate the highest common factor of 340257 and 5220.
87
Calculate the greatest common factor of 97 and 126197.
97
Calculate the highest common factor of 35 and 1785973.
7
Calculate the highest common divisor of 9 and 145967.
1
What is the greatest common divisor of 34 and 6409034?
34
What is the highest common divisor of 18 and 10606842?
18
Calculate the highest common factor of 2237855 and 5.
5
What is the greatest common factor of 45890 and 39000?
130
Calculate the greatest common divisor of 290 and 146479.
29
What is the greatest common divisor of 196095 and 85?
85
What is the greatest common factor of 23 and 234163?
23
What is the greatest common factor of 442 and 947869?
221
Calculate the highest common divisor of 969 and 2413.
19
What is the greatest common divisor of 1824 and 560?
16
Calculate the highest common divisor of 48 and 222336.
48
Calculate the greatest common divisor of 13 and 39364.
13
Calculate the greatest common divisor of 455294 and 238.
238
What is the highest common divisor of 1624044 and 2907?
969
Calculate the highest common divisor of 6813 and 441.
9
What is the greatest common factor of 605 and 1331?
121
Calculate the greatest common divisor of 2140 and 84316.
428
What is the highest common divisor of 51964 and 220?
44
What is the highest common divisor of 665825 and 25?
25
What is the highest common factor of 12 and 944940?
12
What is the highest common factor of 743376 and 357?
51
What is the highest common divisor of 72 and 4977?
9
What is the greatest common factor of 2449055 and 2338?
1169
What is the highest common factor of 140 and 244?
4
What is the greatest common factor of 49487 and 142?
71
Calculate the greatest common divis